*j, -10 = j - 2*h. Suppose -4*n = 5*f - 391, 2*n - f - f - 218 = j. Suppose 2*p + n = 6*p. List the prime factors of p.
2, 13
Suppose -2*d - 4*y + 8*y = 18, 0 = 4*d + 4*y. What are the prime factors of 4395/20*(-8)/d?
2, 293
Let m(h) = -4*h**3 - 193*h**2 - 5*h + 62. List the prime factors of m(-49).
2, 5, 751
Suppose -4*l + 4009 = -6*s + 9*s, 1012 = l + 4*s. Suppose 9664 = l*g - 992*g. List the prime factors of g.
2, 151
Suppose 5*p - 3*g = g + 52732, -4*p - 2*g = -42170. What are the prime factors of p?
2, 659
Suppose -2*r = 2*u - 8, 0 = 2*u - u + 2*r - 6. Suppose 3*d + f - 732 = 3*f, -u*f = 0. What are the prime factors of d?
2, 61
Let b be 1 - ((-170)/(-3))/(4/6). Let c = b - -80. What are the prime factors of (-3)/c*(164 + (-12)/(-3))?
2, 3, 7
Let t = 64 - 64. Suppose t = -25*g + 3157 + 2393. List the prime factors of g.
2, 3, 37
Suppose 4*i = 3*i + 117. Let v be (-2)/(-26) + 81464/(-1768). Let u = i + v. List the prime factors of u.
71
Let h(p) = 149*p**2 + 1. Let n be 7/((-35)/4)*-10. Let v be 5/20 - (-6)/n. List the prime factors of h(v).
2, 3, 5
Suppose 3*y - 3*r - 44745 = 0, 14*y = 23*y + 4*r - 134235. List the prime factors of y.
5, 19, 157
Let n = 123 + -123. Suppose -7*m - 556 - 277 = n. List the prime factors of (-2)/7 - 31212/m.
2, 131
What are the prime factors of -5*(-19)/((-1045)/(-193974))?
2, 3, 2939
Let c be 46/(-4) + 4/8*-1. Let q be -1 - (-3)/(c/284). Let u = q + 171. List the prime factors of u.
3, 11
Suppose 3*i - 3*v - 21 = 0, 2*i + 0*i = -4*v - 16. Suppose -10 = 6*a + i. What are the prime factors of (22 - -28)/(a/(-8))?
2, 5
Suppose 0 = -k + 281 - 59. Let o = k - 507. What are the prime factors of o/(-6)*(1 + (0 - -1))?
5, 19
Let h(t) = 4*t**2 - t + 4. Let b(a) = a**3 - 4*a**2 - 6*a + 8. Let u be b(5). Suppose -3*m - u = -3*y, -m = -3*m - 6. What are the prime factors of h(y)?
2, 11
Let t be ((-4)/(-14))/((-5)/(-35)). Suppose -t*i = -3*y - 5, 3*y - 4*y - 4*i + 17 = 0. Suppose 0 = -w + 74 + y. What are the prime factors of w?
3, 5
Suppose -q - 213 = -5*i, -2*q + 6 = 2. Suppose 25*z - i*z + 2358 = 0. What are the prime factors of z?
131
List the prime factors of 15/(-21) + (-1033560)/(-210).
7, 19, 37
Let g(n) = -11*n**3 - 3*n**2 - 8*n - 16. Let d be g(-2). What are the prime factors of (d/(-16) - -6)*1324?
5, 331
Let a = 42468 + -19274. List the prime factors of a.
2, 11597
Suppose -w - 7*v = -5780, w + 4*v - 276 = 5510. What are the prime factors of w?
2, 2897
Let x(i) = -878*i + 514. List the prime factors of x(-11).
2, 2543
Let j(r) = -10 + r**2 - 2*r**2 - 8*r + r**3 - 7*r**2 + 31. Let u be j(9). Suppose -10*q = -180 + u. List the prime factors of q.
3, 5
Let a(i) = -i**3 + 17*i**2 + 94*i - 12. What are the prime factors of a(-24)?
2, 3, 593
Suppose 3*v - 27 = 66. Let q = v - 8. Let k = q - 7. What are the prime factors of k?
2
Suppose 2*i = -p + 145996, -65*i + 66*i = 3*p + 72991. What are the prime factors of i?
72997
Let n = 24056 + -14175. What are the prime factors of n?
41, 241
Let z be 6/((-5 - -1) + 2). Let h be -3 - z/((-12)/(-8)). Let f(b) = -34*b**3 - 3*b**2 - 2*b. What are the prime factors of f(h)?
3, 11
Let n = 665 - 148. Let m = -267 + n. What are the prime factors of m?
2, 5
Let l = -73 - -84. Suppose 7*t - 8 = l*t. What are the prime factors of -1*(1 - t) - 2044/(-14)?
11, 13
Suppose 34*m - 425878 - 327727 - 193295 = 0. List the prime factors of m.
2, 5, 557
Suppose -8*g = -5*g + a + 39329, 5*g = a - 65551. List the prime factors of (-1*2*5)/(276/g).
5, 19
Suppose 5*b = 7*b + 4. Let v(d) = -6*d**2 + d + 4*d + 21*d**2 + 5. What are the prime factors of v(b)?
5, 11
Suppose -w - 5*s = -269, -2*s + s = -w + 257. Let b be (-3 + (5 - (-22)/(-4)))*-18. Let c = w - b. What are the prime factors of c?
2, 7
Suppose 16*b - 14*b = 5*x - 19439, -3*b = 4*x - 15565. List the prime factors of x.
3889
Suppose -w = z + 4*w + 49, 0 = -5*z + 2*w - 110. List the prime factors of (12*z/60)/(2/(-300)).
2, 3, 5
Let a(s) = -s**3 - 32*s**2 + 50*s - 173. List the prime factors of a(-36).
13, 19
Suppose 5*x - 4*f = -0*x + 23, 0 = f + 2. Suppose 0 = -i + x, -40*i + 44*i + 1752 = 4*v. What are the prime factors of v?
3, 7
Suppose -4923*y = -4919*y - 42928. What are the prime factors of y?
2, 2683
What are the prime factors of (6/(-24) - (-2 - (-43617)/(-4))) + -2?
2, 29, 47
Let u(l) = 2 + 12 + 8 + 12*l. Let s(b) = -b**3 - 8*b**2 - 3*b - 222. Let n be s(-10). What are the prime factors of u(n)?
2, 59
Let k be 0*(1 + 0/1)*-1. Suppose 2*u + 4*u - 30 = k. Suppose 3*j - 1 - 81 = -u*n, 0 = n + 1. What are the prime factors of j?
29
Suppose 5*f + 0*f + 4*h - 2180 = 0, 3*f - 3*h = 1335. Suppose -8*j = -3*j - f. Suppose 7*u = 262 + j. List the prime factors of u.
2, 5
Let w(q) = -2*q**2 - 51*q + 70. Let i be w(-27). What are the prime factors of -4 + i/((-66)/972)?
2, 79
Let h(p) = 2 + 2 + p - 5. Let f(k) = 4*k**2 - 13. Let m(w) = f(w) - 6*h(w). List the prime factors of m(5).
3, 7
Let h(o) = 594*o**2 - 114*o - 235. What are the prime factors of h(-2)?
23, 103
Let z(h) = 462*h**2 - h + 16. What are the prime factors of z(3)?
43, 97
Let p = 104636 - 62303. List the prime factors of p.
3, 103, 137
Let j be 1/((4*4/1072)/1). Let n = j + -57. Let q = 139 + n. What are the prime factors of q?
149
Let g be (4 + -5)*(-1)/((-1)/(-10)). Suppose -g*q + 2680 = -6*q. What are the prime factors of q?
2, 5, 67
Suppose 2*k = -y + 6105, -29*k + 28*k = -y + 6087. List the prime factors of y.
3, 677
Suppose 6238 = 5*k - 3907. List the prime factors of k.
2029
Suppose 117950 - 156040 = -13*i + 325325. What are the prime factors of i?
5, 5591
Let h = -195 + 198. Let a(l) = -l**3 - 2*l**2 + 3*l + 8. Let b(y) = -y**2 + 4*y + 7. Let k(q) = -3*a(q) + 2*b(q). List the prime factors of k(h).
2, 13
Let c = 13529 + -9383. What are the prime factors of c?
2, 3, 691
Let a be ((-456)/342)/(-1 - (-6730)/6738). Let k = 612 + a. What are the prime factors of k?
5, 347
Let m = -73 - -1086. Suppose 3*d - 1384 - m = 0. What are the prime factors of d?
17, 47
Suppose -d = -k - 2, -3*k - 3*d + 14 = -2*k. Suppose -2*v = -4*x + 12, -x + 3*v + 14 = 3*x. Suppose x = 5*a - 8, k*a = -u + 74. What are the prime factors of u?
2, 5, 7
Suppose 4 = -2*p + r - 2, -4*p - 12 = -4*r. Let f be (-6)/(-2) + 180/(p + 9). Suppose 3*q + f = 5*y - 85, 4*y = -2*q + 90. List the prime factors of y.
23
Let s = 1348 - 1303. Suppose -43 = 5*o - 243. Let r = o + s. What are the prime factors of r?
5, 17
Let z(f) = -f**3 - 5*f**2 - 6*f. Let y be (-8)/6*(-15)/10. Suppose -2*p - 6 = y*a, 3*p = -a - 2*p + 5. What are the prime factors of z(a)?
2, 3, 5
Let f(x) = x**3 + x**2 + 5*x + 16. Let q be f(-5). Let g = q - -201. What are the prime factors of g?
2, 23
Let x be 3 + -4 + 23 - 4. Suppose -7*o + a = -4*o - x, -4*a - 37 = -5*o. Suppose 343 = o*v - 372. What are the prime factors of v?
11, 13
Let z = 21586 - 13533. List the prime factors of z.
8053
Let t be -3 + (38644 + 0)/4. Suppose 19*f - 8582 - t = 0. What are the prime factors of f?
2, 3, 5
Let n = -78 + 80. Suppose -694 = -n*a - 4*c, 4*a - 1315 - 61 = -5*c. What are the prime factors of a?
3, 113
Let v(r) = -17*r - 7. Let u = 27 + 28. Suppose 0 = f - 5, 2*y + 3*y = 5*f - u. What are the prime factors of v(y)?
5, 19
Let i(f) be the second derivative of -f**5/20 - f**4/6 + 7*f**3/3 + 10*f**2 - f + 149. What are the prime factors of i(-9)?
461
Let t = 53 - 43. Suppose -x - 8 = -5*x, -t = 4*a - x. List the prime factors of a + -5*(-1 + -20).
103
Let k(i) = 18*i**2 + 9. Let f be k(6). Suppose 0 = -7*u + 16*u - f. Let a = 28 + u. List the prime factors of a.
101
Suppose -9 = -5*g - 3*v, 3*v - 6 = -g - 3*g. Suppose g*m = -4*u + 474, -u - u + 242 = 4*m. Suppose -13*s = -16*s + u. What are the prime factors of s?
3, 13
Let h(a) = 10 - 27 + 0*a + 12 - 4*a + 40*a**2. Let j be h(-2). Suppose -2*q = 5*c - j, 3*c - 5*q - 28 - 45 = 0. List the prime factors of c.
31
Let v = -705 + 447. Let x = 477 + v. What are the prime factors of x?
3, 73
Suppose -5*v - 2 - 13 = 0, -2*u + 73 = v. Suppose 35*o = u*o - 1098. What are the prime factors of o?
2, 3, 61
Let c = -52 - -59. Suppose -c*n = -348 - 226. Let k = n - -3. What are the prime factors of k?
5, 17
Let w(j) = 54*j**2 - j + 242. List the prime factors of w(-9).
5, 37
Let p(j) = 2*j**2 + 78*j - 4006. What are th